{"id":1936,"date":"2019-06-17T17:15:58","date_gmt":"2019-06-17T15:15:58","guid":{"rendered":"https:\/\/www.dipesorecords.it\/shop\/?post_type=product&#038;p=1936"},"modified":"2026-05-06T08:02:27","modified_gmt":"2026-05-06T06:02:27","slug":"mienmiuaif-cake","status":"publish","type":"product","link":"https:\/\/www.dipesorecords.it\/shop\/libro\/8052745631102\/mienmiuaif-cake\/","title":{"rendered":"MIENMIUAIF CAKE"},"content":{"rendered":"<p>Il secondo album della <em>marito-moglie band<\/em> vicentina \u00e8 una esplosione di <em>sapori<\/em>. Presentano il disco come una torta ricca di ingredienti esplosivi, un po\u2019 come le grandi torte americane, di cui per\u00f2 l\u2019ingrediente principale \u00e8 Dio. \u00a0La saggezza, la raffinatezza, l\u2019umorismo, la pragmaticit\u00e0, la profondit\u00e0 e la schiettezza dei due, ci accompagnano in un viaggio di 14 canzoni che raccontano la quotidianit\u00e0 della vita di coppia, la vita semplice dei semplici e la gioia autentica di una vita di fede scelta e non \u201cabituata&#8221;. La complicit\u00e0 tra i testi di Giuseppe e la voce di Anita accompagna l\u2019ascoltatore in viaggio quasi \u201ctangibile\u201d nella realt\u00e0 delle cose di tutti i giorni. In parte autobiografico, l\u2019album dei Mienmiuaif \u00e8 forse la vera carta d\u2019identit\u00e0 della band, una fetta non si nega a nessuno!<\/p>\n","protected":false},"excerpt":{"rendered":"<p><em>CD con booklet<\/em>.<\/p>\n<p><strong>Tracklist:<\/strong><br \/>\n01 &#8211; LA LA LA<br \/>\n02 &#8211; Canzone per mollare un radical chic<br \/>\n03 &#8211; Mi ami anche di notte<br \/>\n04 &#8211; Ges\u00f9 bambino<br \/>\n05 &#8211; Arca di No\u00e8<br \/>\n06 &#8211; Le star non parlano di Alfie Evans<br \/>\n07 &#8211; Adorarti oggi Dio (feat. Reale)<br \/>\n08 &#8211; Radio Maria<br \/>\n09 &#8211; Ogni settimana mia moglie mi manda a fare la spesa mensile<br \/>\n10 &#8211; Canzone per dire di no a Belzeb\u00f9 nei giorni di Halloween<br \/>\n11 &#8211; Padre Pio<br \/>\n12 &#8211; Medjugorje<br \/>\n13 &#8211; Il cielo di Fatima<br \/>\n14 &#8211; Salve Regina<\/p>\n","protected":false},"featured_media":1926,"comment_status":"closed","ping_status":"closed","template":"","meta":{"_et_pb_use_builder":"","_et_pb_old_content":""},"product_cat":[20],"product_tag":[32,38,36,37,39,34,31,35,33],"yoast_head":"<!-- This site is optimized with the Yoast SEO plugin v21.7 - https:\/\/yoast.com\/wordpress\/plugins\/seo\/ -->\n<title>MIENMIUAIF CAKE - Shop | DiPeso Records<\/title>\n<meta name=\"description\" content=\"Acquista ora Mienmiuaif Cake, il secondo album della marito-moglie band Anita e Giuseppe, CD distribuito dalla etichetta discografica Dipeso Records.\" \/>\n<meta name=\"robots\" content=\"index, follow, max-snippet:-1, max-image-preview:large, max-video-preview:-1\" \/>\n<link rel=\"canonical\" href=\"https:\/\/www.dipesorecords.it\/shop\/libro\/8052745631102\/mienmiuaif-cake\/\" \/>\n<meta property=\"og:locale\" content=\"it_IT\" \/>\n<meta property=\"og:type\" content=\"article\" \/>\n<meta property=\"og:title\" content=\"MIENMIUAIF CAKE - Shop | DiPeso Records\" \/>\n<meta property=\"og:description\" content=\"Acquista ora Mienmiuaif Cake, il secondo album della marito-moglie band Anita e Giuseppe, CD distribuito dalla etichetta discografica Dipeso Records.\" \/>\n<meta property=\"og:url\" content=\"https:\/\/www.dipesorecords.it\/shop\/libro\/8052745631102\/mienmiuaif-cake\/\" \/>\n<meta property=\"og:site_name\" content=\"Shop | DiPeso Records\" \/>\n<meta property=\"article:modified_time\" content=\"2026-05-06T06:02:27+00:00\" \/>\n<meta property=\"og:image\" content=\"https:\/\/www.dipesorecords.it\/shop\/wp-content\/uploads\/Cover-MM-Musicraiser-e1559649766651-jpg.webp\" \/>\n\t<meta property=\"og:image:width\" content=\"512\" \/>\n\t<meta property=\"og:image:height\" content=\"511\" \/>\n\t<meta property=\"og:image:type\" content=\"image\/jpeg\" \/>\n<meta name=\"twitter:card\" content=\"summary_large_image\" \/>\n<meta name=\"twitter:label1\" content=\"Tempo di lettura stimato\" \/>\n\t<meta name=\"twitter:data1\" content=\"1 minuto\" \/>\n<script type=\"application\/ld+json\" class=\"yoast-schema-graph\">{\"@context\":\"https:\/\/schema.org\",\"@graph\":[{\"@type\":\"WebPage\",\"@id\":\"https:\/\/www.dipesorecords.it\/shop\/libro\/8052745631102\/mienmiuaif-cake\/\",\"url\":\"https:\/\/www.dipesorecords.it\/shop\/libro\/8052745631102\/mienmiuaif-cake\/\",\"name\":\"MIENMIUAIF CAKE - Shop | DiPeso Records\",\"isPartOf\":{\"@id\":\"https:\/\/www.dipesorecords.it\/shop\/#website\"},\"datePublished\":\"2019-06-17T15:15:58+00:00\",\"dateModified\":\"2026-05-06T06:02:27+00:00\",\"description\":\"Acquista ora Mienmiuaif Cake, il secondo album della marito-moglie band Anita e Giuseppe, CD distribuito dalla etichetta discografica Dipeso Records.\",\"breadcrumb\":{\"@id\":\"https:\/\/www.dipesorecords.it\/shop\/libro\/8052745631102\/mienmiuaif-cake\/#breadcrumb\"},\"inLanguage\":\"it-IT\",\"potentialAction\":[{\"@type\":\"ReadAction\",\"target\":[\"https:\/\/www.dipesorecords.it\/shop\/libro\/8052745631102\/mienmiuaif-cake\/\"]}]},{\"@type\":\"BreadcrumbList\",\"@id\":\"https:\/\/www.dipesorecords.it\/shop\/libro\/8052745631102\/mienmiuaif-cake\/#breadcrumb\",\"itemListElement\":[{\"@type\":\"ListItem\",\"position\":1,\"name\":\"Home\",\"item\":\"https:\/\/www.dipesorecords.it\/shop\/\"},{\"@type\":\"ListItem\",\"position\":2,\"name\":\"Prodotti\",\"item\":\"https:\/\/www.dipesorecords.it\/shop\/shop\/\"},{\"@type\":\"ListItem\",\"position\":3,\"name\":\"MIENMIUAIF CAKE\"}]},{\"@type\":\"WebSite\",\"@id\":\"https:\/\/www.dipesorecords.it\/shop\/#website\",\"url\":\"https:\/\/www.dipesorecords.it\/shop\/\",\"name\":\"Shop | DiPeso Records\",\"description\":\"DiPeso Records - Merchandising, musica, shop\",\"potentialAction\":[{\"@type\":\"SearchAction\",\"target\":{\"@type\":\"EntryPoint\",\"urlTemplate\":\"https:\/\/www.dipesorecords.it\/shop\/?s={search_term_string}\"},\"query-input\":\"required name=search_term_string\"}],\"inLanguage\":\"it-IT\"}]}<\/script>\n<!-- \/ Yoast SEO plugin. -->","yoast_head_json":{"title":"MIENMIUAIF CAKE - Shop | DiPeso Records","description":"Acquista ora Mienmiuaif Cake, il secondo album della marito-moglie band Anita e Giuseppe, CD distribuito dalla etichetta discografica Dipeso Records.","robots":{"index":"index","follow":"follow","max-snippet":"max-snippet:-1","max-image-preview":"max-image-preview:large","max-video-preview":"max-video-preview:-1"},"canonical":"https:\/\/www.dipesorecords.it\/shop\/libro\/8052745631102\/mienmiuaif-cake\/","og_locale":"it_IT","og_type":"article","og_title":"MIENMIUAIF CAKE - Shop | DiPeso Records","og_description":"Acquista ora Mienmiuaif Cake, il secondo album della marito-moglie band Anita e Giuseppe, CD distribuito dalla etichetta discografica Dipeso Records.","og_url":"https:\/\/www.dipesorecords.it\/shop\/libro\/8052745631102\/mienmiuaif-cake\/","og_site_name":"Shop | DiPeso Records","article_modified_time":"2026-05-06T06:02:27+00:00","og_image":[{"width":512,"height":511,"url":"https:\/\/www.dipesorecords.it\/shop\/wp-content\/uploads\/Cover-MM-Musicraiser-e1559649766651-jpg.webp","type":"image\/jpeg"}],"twitter_card":"summary_large_image","twitter_misc":{"Tempo di lettura stimato":"1 minuto"},"schema":{"@context":"https:\/\/schema.org","@graph":[{"@type":"WebPage","@id":"https:\/\/www.dipesorecords.it\/shop\/libro\/8052745631102\/mienmiuaif-cake\/","url":"https:\/\/www.dipesorecords.it\/shop\/libro\/8052745631102\/mienmiuaif-cake\/","name":"MIENMIUAIF CAKE - Shop | DiPeso Records","isPartOf":{"@id":"https:\/\/www.dipesorecords.it\/shop\/#website"},"datePublished":"2019-06-17T15:15:58+00:00","dateModified":"2026-05-06T06:02:27+00:00","description":"Acquista ora Mienmiuaif Cake, il secondo album della marito-moglie band Anita e Giuseppe, CD distribuito dalla etichetta discografica Dipeso Records.","breadcrumb":{"@id":"https:\/\/www.dipesorecords.it\/shop\/libro\/8052745631102\/mienmiuaif-cake\/#breadcrumb"},"inLanguage":"it-IT","potentialAction":[{"@type":"ReadAction","target":["https:\/\/www.dipesorecords.it\/shop\/libro\/8052745631102\/mienmiuaif-cake\/"]}]},{"@type":"BreadcrumbList","@id":"https:\/\/www.dipesorecords.it\/shop\/libro\/8052745631102\/mienmiuaif-cake\/#breadcrumb","itemListElement":[{"@type":"ListItem","position":1,"name":"Home","item":"https:\/\/www.dipesorecords.it\/shop\/"},{"@type":"ListItem","position":2,"name":"Prodotti","item":"https:\/\/www.dipesorecords.it\/shop\/shop\/"},{"@type":"ListItem","position":3,"name":"MIENMIUAIF CAKE"}]},{"@type":"WebSite","@id":"https:\/\/www.dipesorecords.it\/shop\/#website","url":"https:\/\/www.dipesorecords.it\/shop\/","name":"Shop | DiPeso Records","description":"DiPeso Records - Merchandising, musica, shop","potentialAction":[{"@type":"SearchAction","target":{"@type":"EntryPoint","urlTemplate":"https:\/\/www.dipesorecords.it\/shop\/?s={search_term_string}"},"query-input":"required name=search_term_string"}],"inLanguage":"it-IT"}]}},"_links":{"self":[{"href":"https:\/\/www.dipesorecords.it\/shop\/wp-json\/wp\/v2\/product\/1936"}],"collection":[{"href":"https:\/\/www.dipesorecords.it\/shop\/wp-json\/wp\/v2\/product"}],"about":[{"href":"https:\/\/www.dipesorecords.it\/shop\/wp-json\/wp\/v2\/types\/product"}],"replies":[{"embeddable":true,"href":"https:\/\/www.dipesorecords.it\/shop\/wp-json\/wp\/v2\/comments?post=1936"}],"wp:featuredmedia":[{"embeddable":true,"href":"https:\/\/www.dipesorecords.it\/shop\/wp-json\/wp\/v2\/media\/1926"}],"wp:attachment":[{"href":"https:\/\/www.dipesorecords.it\/shop\/wp-json\/wp\/v2\/media?parent=1936"}],"wp:term":[{"taxonomy":"product_cat","embeddable":true,"href":"https:\/\/www.dipesorecords.it\/shop\/wp-json\/wp\/v2\/product_cat?post=1936"},{"taxonomy":"product_tag","embeddable":true,"href":"https:\/\/www.dipesorecords.it\/shop\/wp-json\/wp\/v2\/product_tag?post=1936"}],"curies":[{"name":"wp","href":"https:\/\/api.w.org\/{rel}","templated":true}]}}